the highest common factor of 21975 and 48453117.
879
Calculate the highest common divisor of 214971 and 3537.
393
Calculate the greatest common factor of 451813 and 218669.
193
Calculate the highest common divisor of 271184 and 187136.
272
Calculate the greatest common divisor of 265477 and 7393284.
5009
Calculate the greatest common factor of 55095059 and 479.
479
What is the greatest common divisor of 64118 and 934?
2
What is the greatest common divisor of 733584 and 534378?
3162
What is the greatest common factor of 484 and 63107429?
121
What is the greatest common factor of 75 and 34998825?
75
Calculate the highest common divisor of 18744 and 10719864.
1704
What is the greatest common factor of 2150 and 37784702?
86
What is the greatest common divisor of 123708 and 165432?
732
What is the highest common factor of 14008 and 1091740?
68
What is the greatest common factor of 234 and 3122366?
26
What is the highest common factor of 3637702 and 27550?
1102
Calculate the highest common factor of 715169 and 32578.
91
What is the highest common divisor of 4136 and 2169433332?
2068
What is the highest common divisor of 69408 and 25243304?
1928
Calculate the greatest common factor of 4543640 and 290.
10
Calculate the highest common divisor of 4495590 and 51146.
478
What is the highest common divisor of 6912092 and 232?
116
What is the greatest common factor of 502 and 8046?
2
Calculate the highest common divisor of 722935978 and 4997.
4997
Calculate the highest common divisor of 40 and 681472160.
40
What is the greatest common factor of 19856 and 213248?
272
Calculate the highest common divisor of 512373461 and 47.
47
What is the greatest common factor of 609 and 340446399?
87
Calculate the greatest common factor of 3118 and 293473955.
1559
What is the greatest common factor of 49770 and 937730?
790
What is the highest common divisor of 8704 and 2866880?
1088
What is the highest common factor of 2803500 and 58284?
36
What is the greatest common divisor of 49 and 447?
1
What is the highest common divisor of 7954 and 330952?
82
Calculate the greatest common factor of 1888221419 and 4361.
4361
What is the greatest common divisor of 185446 and 8?
2
What is the highest common factor of 160828055 and 580?
145
What is the greatest common divisor of 5873625 and 27?
9
What is the greatest common factor of 37006426 and 53062?
1234
What is the greatest common divisor of 157684904 and 310112?
7048
What is the greatest common divisor of 11664847 and 61?
61
What is the greatest common factor of 2093 and 462747649?
2093
What is the highest common factor of 195012 and 2403?
9
What is the greatest common factor of 67080352 and 14?
2
Calculate the highest common divisor of 1394099 and 851.
23
What is the greatest common divisor of 13446596 and 976?
244
Calculate the highest common divisor of 121 and 47039597.
121
What is the highest common factor of 90 and 599176710?
90
What is the greatest common factor of 8390 and 9890971?
839
Calculate the highest common divisor of 5035848 and 696.
24
Calculate the highest common divisor of 92 and 69390747.
23
What is the highest common factor of 733428 and 918?
54
What is the greatest common divisor of 10 and 3458862?
2
Calculate the highest common factor of 9969408 and 186624.
2304
Calculate the greatest common factor of 6109 and 12874.
41
What is the greatest common divisor of 63477 and 837?
27
Calculate the highest common divisor of 2261 and 2130831.
323
Calculate the greatest common factor of 24236305 and 6235.
215
What is the greatest common factor of 6328 and 37464?
56
Calculate the highest common factor of 1491551 and 3649.
89
Calculate the highest common divisor of 575 and 1261895.
115
Calculate the highest common factor of 2452 and 3418.
2
Calculate the highest common factor of 171589760 and 1140.
380
Calculate the highest common divisor of 1356124 and 2100.
28
Calculate the greatest common factor of 28138 and 278.
2
Calculate the highest common factor of 14009424 and 59817.
471
What is the greatest common divisor of 2268 and 1153833093?
567
Calculate the greatest common factor of 11278456 and 448.
56
What is the greatest common divisor of 20088 and 609120?
648
Calculate the greatest common divisor of 144 and 1938074832.
144
Calculate the greatest common divisor of 244 and 17477354.
122
Calculate the greatest common divisor of 9546 and 21887.
43
Calculate the highest common factor of 27698 and 1612779.
1259
What is the highest common divisor of 2584 and 898757?
19
Calculate the greatest common divisor of 575 and 12051.
1
What is the highest common divisor of 1104 and 15913308?
12
What is the greatest common divisor of 31 and 28517551?
31
What is the greatest common factor of 51092900 and 49400?
1900
Calculate the greatest common divisor of 53028 and 293099013.
13257
Calculate the highest common divisor of 18544 and 6504125.
61
What is the highest common factor of 24 and 1122987996?
12
What is the greatest common factor of 9151 and 21503?
1
What is the highest common factor of 27629 and 8351?
7
Calculate the highest common factor of 320932131 and 3471.
3471
What is the greatest common divisor of 27 and 1640826?
9
Calculate the greatest common factor of 86737 and 1169.
7
Calculate the greatest common factor of 28063585 and 55.
55
What is the greatest common factor of 156 and 433975908?
12
What is the greatest common divisor of 76728 and 8358384?
552
What is the greatest common factor of 63263219 and 31?
31
What is the greatest common divisor of 425 and 1612263?
17
Calculate the highest common divisor of 506 and 4158110.
22
Calculate the greatest common factor of 21 and 1331351.
7
Calculate the highest common divisor of 739435884 and 264.
132
Calculate the highest common divisor of 60739590 and 15900.
1590
What is the highest common factor of 995207 and 11895979?
9301
Calculate the highest common divisor of 3604255 and 136.
17
Calculate the highest common divisor of 11201600 and 266400.
800
What is the highest common divisor of 115479 and 3524859?
5499
What is the highest common factor of 26 and 11192597?
13
Calculate the greatest common divisor of 20437768 and 1976.
1976
What is the highest common factor of 10892 and 97042274?
5446
What is the greatest common divisor of 3869533 and 2222525?
4679
Calculate the highest common factor of 148276 and 3838.
38
Calculate the greatest common factor of 278243768 and 1202.
1202
Calculate the highest common divisor of 30861 and 3718179.
1143
What is the highest common factor of 31328530 and 1045?
95
What is the highest common divisor of 4803007 and 814?
407
Calculate the highest common divisor of 419577 and 105219.
1299
Calculate the greatest common divisor of 25 and 9335295.
5
What is the greatest common factor of 858 and 7361211?
429
What is the greatest common factor of 101557 and 1?
1
Calculate the highest common factor of 39025896 and 3006.
1002
What is the highest common factor of 2440988 and 641828?
1276
What is the greatest common factor of 544 and 12993763?
17
What is the highest common factor of 630927 and 243?
9
What is the highest common divisor of 73968544 and 208?
208
Calculate the highest common divisor of 174275832 and 5424.
2712
What is the highest common divisor of 25 and 53015?
5
Calculate the highest common divisor of 11583 and 378708.
33
What is the highest common divisor of 5631342 and 34896?
4362
What is the greatest common factor of 736 and 34298198?
46
What is the highest common factor of 27886 and 1450836?
382
Calculate the highest common factor of 933946 and 139570.
34
Calculate the greatest common divisor of 1122 and 2990658.
66
Calculate the greatest common divisor of 353790590 and 10.
10
Calculate the highest common divisor of 1132693774 and 654.
218
Calculate the highest common divisor of 85 and 2408373.
17
Calculate the greatest common factor of 395512092 and 3413.
3413
Calculate the highest common divisor of 6 and 83907438.
6
What is the highest common divisor of 13480402 and 208?
26
What is the highest common divisor of 478196316 and 60?
12
Calculate the greatest common factor of 6012 and 635747958.
3006
Calculate the highest common factor of 14282 and 200318.
74
What is the greatest common divisor of 298958058 and 56?
14
What is the greatest com